e highest common factor of c and r.
2
Let g be 4/(-6) - 9/27. Let y be g - 2 - (-9 + 1). Let q = 0 + y. What is the highest common factor of 25 and q?
5
Let g = 33 - 31. Suppose 300 = 4*c + 5*y, g*y - 136 = -3*c + 82. Calculate the highest common divisor of c and 105.
35
Let s be 6 - 77/7 - -138. Calculate the greatest common factor of 21 and s.
7
Suppose -19 = -8*p + 157. Calculate the highest common factor of p and 352.
22
Let l be ((-2)/7)/((-35)/3920). Calculate the greatest common divisor of l and 28.
4
Let v = 53 - 37. Suppose 5*g = g + v. Suppose 4*b - 19 = g*i + 57, 0 = -5*b + 3*i + 85. Calculate the greatest common factor of b and 2.
2
Let y = 92 + -27. Suppose 2*t + i - 28 = 0, 3*t - t - 18 = 4*i. What is the highest common divisor of y and t?
13
Suppose 0 = n - 0*n - 7. Let v(s) = 4*s + 13. Let x be v(-3). What is the highest common factor of x and n?
1
Let n(d) = -74*d + 38. Let s(i) = -49*i + 25. Let r(v) = -5*n(v) + 8*s(v). Let u be r(-5). Calculate the highest common divisor of u and 40.
40
Suppose -5*h + h - 5*b + 16 = 0, 21 = -5*h + 4*b. Let x be (-21 - 3)*-1 - h. Calculate the greatest common divisor of 100 and x.
25
Let q = -94 - -181. Suppose -4*x = -q + 31. What is the greatest common factor of 35 and x?
7
Let q = -6534 + 6537. Let o = 4 - -1. Let k be 7*(o + (1 - 3)). What is the greatest common divisor of k and q?
3
Suppose 5*i = -6 + 16. Suppose 0*t + a = 4*t - 203, -2*t - i*a + 94 = 0. Let q = -22 + t. What is the highest common divisor of 14 and q?
14
Let a(h) be the second derivative of 2*h + 1/2*h**2 + 1/20*h**5 - h**4 + 0 + 2*h**3. Let b be a(11). Calculate the highest common factor of b and 108.
12
Let a be (-16 - -11) + (303 - 3). Calculate the greatest common factor of a and 177.
59
Let d(z) = 3*z**2 + z - 1. Let u be d(2). Let y be 1*((-1 - -4) + -3). Suppose y = 7*c - 3*c - 364. Calculate the highest common divisor of u and c.
13
Suppose 7*o = 79 + 285. What is the highest common factor of 26 and o?
26
Suppose -k = -2*f - 141, -k - 2*f = -3*f - 138. Calculate the highest common divisor of 15 and k.
15
Let y(w) = -6*w - 4. Suppose 7*k = -22 - 13. Let t be y(k). Let g = 36 - t. What is the highest common divisor of g and 25?
5
Let g(s) = -13*s + 12. Let k be g(-5). Let b be (1 - 0/2) + -3. Let z be (k*1)/(b/(-2)). Calculate the greatest common divisor of z and 7.
7
Let h = -936 + 954. What is the highest common divisor of h and 225?
9
Suppose 5*q + l = 499, q + 2*l - 198 = -q. Calculate the highest common factor of q and 25.
25
Suppose -4*k - 1672 = -15*k. Suppose 0 = -3*r - 2*v + 124, 3*r + v + 2*v - 129 = 0. Calculate the highest common divisor of r and k.
38
Suppose -2*s = 4*s - 6. Let p(i) = 23*i**2 - 3*i. Let w be p(s). What is the greatest common factor of 180 and w?
20
Suppose 11*s - 16*s = -3060. What is the highest common divisor of s and 36?
36
Let l(u) = 2*u**3 + 9*u + 0*u**3 - 4*u**3 + 17 - 13*u**2 + u**3. Let a be l(-15). Suppose 4*v - a = 108. Calculate the greatest common factor of v and 44.
22
Let d = 490 - 390. Calculate the greatest common factor of d and 175.
25
Suppose -2*y = 3*d - 1909, 2*y - 1183 = -2*d + 87. What is the greatest common divisor of 45 and d?
9
Let w = 19 - 32. Let s = w - -21. Suppose s*p - 10*p = -20. What is the greatest common divisor of 25 and p?
5
Let m = 437 + -353. What is the highest common factor of 189 and m?
21
Let n(u) = -u**3 + 6*u**2 + 5*u + 16. Let y be n(7). What is the highest common factor of y and 3?
1
Let d = -249 + 363. Suppose 0 = -3*i + i + d. Calculate the greatest common factor of 38 and i.
19
Suppose -c + 4*r + 424 = 0, -r = -5*c - 3*r + 2098. Calculate the greatest common factor of 10 and c.
10
Let r = -7 + 10. Suppose -4*i - 3*y = -180, r*i + 2*i - 2*y = 202. What is the greatest common divisor of 14 and i?
14
Let m = 3915 + -3805. Let z(t) = -t**2 + 10. Let x be z(0). What is the greatest common divisor of x and m?
10
Suppose -233 = -5*g + 3*v, 3*g + 3*v - 133 = -2*v. Let m = g - 33. Suppose -83*i - 715 = -94*i. What is the greatest common factor of m and i?
13
Let c = 11 - -1. Let k(d) = -d + 17. Let g be k(c). Suppose -g*v + 680 = -0*v. What is the highest common divisor of 17 and v?
17
Let x = -8337 + 8339. Suppose 4*z - 5*t - 31 + 12 = 0, 2*z - 7 = 3*t. Calculate the greatest common divisor of z and x.
1
Let n = 205 + -170. What is the greatest common divisor of n and 25?
5
Let r = 25 + -20. Suppose s + r = 20. Let g = s - 10. What is the greatest common divisor of g and 45?
5
Suppose -4*t + 2*t = 0. Suppose t*c = -2*c + 24. Suppose 3*y = -m + 253, y - 111 = 4*m - 31. What is the greatest common factor of y and c?
12
Suppose 5*i - 822 + 47 = 3*p, 4*i - 583 = -5*p. Calculate the highest common factor of i and 8.
8
Let o be 85 + 0 + 637/(-91). What is the highest common factor of 1872 and o?
78
Suppose -868 - 44 = -12*f. What is the greatest common factor of f and 19?
19
Suppose x = -3, h + 2 = -5*x - 7. Suppose -s = -3*s - h. Let y = s + 21. What is the highest common factor of 162 and y?
18
Let q = -27 + 54. Suppose -2*r = -14 + 6. Suppose -11 = -3*v - 2*j, -r*v + 0*v + 10 = -2*j. What is the highest common factor of q and v?
3
Suppose u - 6*u - 1 = 4*n, n = 3*u - 13. Suppose -5*r + 285 = 4*x, 0 = -u*x + 5*x - 4*r - 110. What is the highest common factor of x and 26?
13
Let s(t) = -4*t. Let p be s(2). Let y = -2 - p. Let o = 8 - y. Calculate the highest common factor of o and 22.
2
Let r(f) = 11*f**2 - 8*f - 59. Let b be r(-6). Calculate the greatest common factor of b and 70.
35
Suppose 25*y - 309 + 9 = 0. What is the highest common factor of y and 372?
12
Let a be (63 + 6)/((-6)/(-4)). Suppose 2*g + 5*r - 175 = 0, -4*g + 308 = -0*g - 4*r. Suppose -a*y - g = -48*y. Calculate the greatest common divisor of y and 4.
4
Let a = 519 + -409. Let v = -27 + 71. Calculate the greatest common factor of v and a.
22
Suppose -13*l + 15*l - 20 = 0. Suppose 15*s - 111 = 39. Calculate the greatest common divisor of l and s.
10
Let m be (-6 - -5)*(-18)/(-6) + 2497. Calculate the highest common divisor of 172 and m.
86
Let w be -186*(-4 - (-14)/4). What is the highest common divisor of 682 and w?
31
Suppose 3*w - 16 = -h, 3*h - 7 = 5. Suppose -2*x = 4*j - 68, j + x + 56 = w*j. Calculate the greatest common factor of 27 and j.
9
Let q be (1 - (-1)/4)*4. Let o be (-5*(-10)/(-4))/((-4)/8). Calculate the greatest common factor of o and q.
5
Let r = -427 + 723. Calculate the greatest common factor of r and 32.
8
Suppose 8*f - 105 = 3*f. Let i(a) = 2*a + 2. Let g be i(6). What is the greatest common divisor of f and g?
7
Let d = -23 - -57. What is the highest common divisor of d and 612?
34
Suppose 0 = -3*c - 3*b + 1200, -4*c - 7*b + 1600 = -6*b. What is the greatest common factor of c and 175?
25
Suppose 4*b = 4*v + 100, -v + 2*v - 53 = -2*b. Suppose -b - 18 = -2*s. Calculate the highest common divisor of s and 55.
11
Suppose 7*w - 2475 = -38*w. What is the greatest common factor of 176 and w?
11
Suppose 11*h - 12*h = 0. Suppose 4*a = -h*a + 104. Let k = 136 + -71. Calculate the highest common divisor of k and a.
13
Suppose -5*z - 669 + 2484 = 0. Suppose 0 = -5*f + f + 132. What is the greatest common divisor of z and f?
33
Let x be (-16)/(5/(50/(-4))). Let a be (16/x)/((-3)/(-600)). Calculate the highest common divisor of 32 and a.
16
Let r = 123 - 87. Let s be (-3)/(3 + 0) + 5. Let q be (19 + -3)*6/s. Calculate the highest common factor of q and r.
12
Let o be 513/12*19/((-76)/(-96)). What is the greatest common factor of o and 54?
54
Suppose 2*p - 14 = 12. Suppose 0 = 91*r - 3810 - 922. What is the highest common factor of r and p?
13
Let w be (5 - 2)/(1/2). Let v be ((-18)/(-4))/(3/w). Suppose -2*d - 46 = 2*n - 6*n, 0 = -n + 3*d + v. What is the highest common divisor of n and 132?
12
Let q be ((-11)/2)/(4/(-40)). Let d(k) = -86*k + 2. Let j be d(-1). Suppose 2*o - j = -2*o. Calculate the greatest common factor of q and o.
11
Suppose -2*h + 109*l + 93 = 106*l, 4*h + 3*l = 177. What is the greatest common factor of 405 and h?
45
Let o = 35 - 34. Suppose -2*u + 3*y - o = -53, -4*y - 56 = -2*u. Calculate the highest common divisor of 80 and u.
20
Suppose -5*n = -22 - 3. Let g(l) = -l**2 + 10*l - 12. Let u be g(n). What is the greatest common factor of 13 and